s the tens digit of h(b)?
4
Suppose -3*z - 2*i = -15338, -25721 = -4*z - 3*i - 5271. What is the hundreds digit of z?
1
Let i = 130 + -34. Suppose -94 = 4*x + 26. Let v = i + x. What is the tens digit of v?
6
Let d = 6368 + -3551. Let l = d + -1693. What is the hundreds digit of l?
1
Let b = 123 + -132. Let n be 3/((-2)/384*b). What is the units digit of n/(-112) - 288/(-14)?
0
Let l(f) = 25*f**3 + 6*f**2 - 55*f + 155. What is the hundreds digit of l(4)?
6
Let s(j) = 3*j**3 - 20*j**2 + 9*j + 128. What is the tens digit of s(16)?
4
Let j(u) = -4*u + 75. Let x be j(10). What is the tens digit of ((-1981)/x)/((-6)/30)?
8
Let b be (1/(-7) - (-32)/28)*1351. What is the units digit of b/35 - -5 - (-3)/(-5)?
3
Let f(w) = 789*w - 6. Let p be f(8). Suppose 14*a - p = 8*a. What is the tens digit of a?
5
Let v(o) = -603*o**2 + 2*o + 3. Suppose 2*x + x + 3 = 0. Let c be v(x). What is the units digit of (3 + 0 - 0)/((-21)/c)?
6
Suppose 0 = -n - 5*p + 60267, 66*n - p = 70*n - 241125. What is the units digit of n?
2
Suppose 0 = -4*q + 6*q + 8. Let a be ((-2)/q)/((-2)/(-20)). Suppose -56 + 606 = a*p. What is the tens digit of p?
1
Suppose -63*h + 552 = -62*h. What is the units digit of -2 + (7 + h - -2)?
9
Let x(q) = 18*q**2 - 243*q + 236. What is the tens digit of x(37)?
8
Let b(z) = 10*z + 100. Let w be b(-10). Suppose -f - 2*j = -888, w = 6*f - 5*f - 2*j - 888. What is the units digit of f?
8
Let p(s) = -3*s - 59. Suppose -168 = -4*c + 12*c. Let f be p(c). Suppose -800 = -3*k - 2*d, -5*d - 11 + 1080 = f*k. What is the hundreds digit of k?
2
Let d(i) = -i**2 + 5*i + 4. Let x be d(5). Suppose -x = -w + 3*l + 8, 4*w + 3*l = -27. Let n(b) = 21*b**2 + 7*b + 11. What is the hundreds digit of n(w)?
1
Let x(a) = -325*a - 85. Let y be x(-3). Let l = y - 508. What is the tens digit of l?
8
Let p be 22/33 - 10/6. Let z(h) = -13*h**3 + h**2 + 4*h + 2. Let i be z(p). Suppose -3*q = q - i. What is the units digit of q?
3
Suppose 2472 + 1962 = 3*d. Let x = d - 879. What is the hundreds digit of x?
5
Suppose 0 = 95*j - 94*j - 2*p + 13, -3*p = -12. What is the units digit of 1*j - (-48195)/35?
2
Let q be (-1 + 1)*(-6 - (-104)/16). Suppose -2*y = 0, -3*i + 60 = -q*y - 3*y. What is the units digit of i?
0
Let w(s) = 20*s - 35. Let b be w(2). Suppose 0 = 5*q - 3*l - 4497, -b*l - 21 = -1. What is the tens digit of q?
9
Suppose 2*j = -85*g + 88*g + 5042, 0 = j - 3*g - 2524. What is the units digit of j?
8
Suppose 9*l - 36 - 81 = 0. Suppose 2*p - l*p = -6732. What is the tens digit of p?
1
Let n be (42/2 - 0)*84/(-98). What is the tens digit of (15/(-6))/(((-1)/n)/(-1))?
4
Suppose -379*x = -376*x - 204. Suppose 5*c = -2*v + 22, -3*c - 5*v = -2*v - 15. Suppose x = s - c. What is the units digit of s?
2
Let o be 161/(-4 + (-1)/((-5)/25)). What is the hundreds digit of (-8)/14 + 84939/o?
5
Let a = 1267 - 880. Let x = a + -232. Suppose -4*y + 5*p = -0*p - x, -2*y + 84 = 4*p. What is the units digit of y?
0
Suppose 0 = -7*o + 8*o - 3*a - 1472, -a = -5*o + 7332. Suppose 2*v + 1090 = -v - r, -4*v + 5*r = o. What is the tens digit of 1*6/1*v/(-39)?
5
Let j = -11 + 6. Let u be (21 + -22)/(((-2)/6)/(-6 + 4)). What is the units digit of j/(10/u) + 8 + -4?
7
Suppose -4*n = -5*n + 96. Suppose 24*g = 25*g - n. Suppose -183 = -2*x + 4*s - 3, -4*s + g = x. What is the units digit of x?
2
Suppose -12 = 6*f - 6. Let g be ((-33)/11)/((-1)/f). What is the tens digit of (-2)/6 + (-13)/g + 83?
8
Let w(c) = 5*c + 55. Let g be w(-10). Suppose -g*a - 2*l = -4*a - 723, 3*l - 3629 = -5*a. What is the units digit of a?
7
Suppose -u - 17 = -2*g - 2*g, 3*u = -3*g + 24. Suppose -4*l + 7348 = 4*n, -2*l - l + 5513 = g*n. What is the tens digit of l?
3
Let a(w) = -2*w**3 - 11*w**2 - 13*w - 37. What is the tens digit of a(-10)?
9
Let k(m) = m**3 - 59*m**2 + 2*m + 41. What is the units digit of k(61)?
5
Suppose 2*l + 4*n = 52, -42*l - 76 = -45*l - 4*n. Let x(k) = k**2 - 28*k - 17. Let b(g) = g + 1. Let z(s) = -3*b(s) - x(s). What is the units digit of z(l)?
8
Let a(u) = -u**3 + 52*u**2 - 118*u + 995. What is the thousands digit of a(37)?
7
Let o(a) = 25*a**3 - 4*a**2 + 8*a - 23. Let w = -303 - -306. What is the units digit of o(w)?
0
Let m(h) = -h**3 - 11*h**2 - 5*h - 6. Let s(p) = -p**3 - 6*p**2 - 3*p - 3. Let f(b) = -4*m(b) + 9*s(b). What is the hundreds digit of f(-5)?
4
Let z(v) = 5794*v**2 + 62*v + 189. What is the hundreds digit of z(-3)?
1
Let l be (-1 + 0)*-516 - (-2 - 3). Let w = -358 + l. What is the tens digit of w?
6
Let c = -10532 - -22144. What is the thousands digit of c?
1
Let i be (-43)/2 - (78/(-12))/(-13). What is the tens digit of 11/(i/40)*(-14)/8?
3
What is the thousands digit of (940*1)/(4/22 + 0/32)?
5
What is the thousands digit of -5 + 8 - (-32276 - -5)?
2
Suppose -4*u = -4*a + 195152, 2430*a - 2*u = 2426*a + 195140. What is the tens digit of a?
8
Let b = -9250 - -20442. What is the tens digit of b?
9
Let t(s) = -8*s**2 - 2*s - 9. Let z be t(-6). Let u = -94 - z. What is the hundreds digit of u?
1
What is the thousands digit of 1101972/36 - 80/(-12)?
0
Let r = -54 + 43. What is the tens digit of 1 + r/(88/(-6456))?
0
Suppose 2166*w = 2052*w + 1860822. What is the units digit of w?
3
Let p(k) = -2*k**3 + 7*k**2 - k - 1. Let z be p(3). Suppose -z = -5*t, 2*g + 7*t - 6*t = 795. What is the tens digit of g?
9
Suppose -7*v + 24868 = 1866 - 1687. What is the hundreds digit of v?
5
Let s be 3/18*63*350/3. Let v = s - 734. What is the tens digit of v?
9
Let i = -190 + 192. What is the units digit of 88*89/10 - i/10?
3
Let x be -3*(13/(-3) - 11/11). Suppose -10 = 5*v + 5*y, -v + 2*y = 3*v - x. Suppose -v*t + 202 - 58 = 0. What is the tens digit of t?
7
Let c = -391 - -396. Suppose 3*b + 5*f = 503, -3*f = c*b - 838 - 11. What is the tens digit of b?
7
Let r = 2169 - 1467. What is the units digit of r/5*(-7 - -17 - 5)?
2
Let b(h) = 819*h**2 - 27*h - 69. What is the thousands digit of b(-8)?
2
Suppose -2*i = -3*d + 15632, 1387 + 9016 = 2*d - 5*i. What is the units digit of d?
4
Suppose 319*c - 346*c = 354548 - 1158365. What is the ten thousands digit of c?
2
Suppose -16*y - 2*y = -63660 - 132000. What is the tens digit of y?
7
Let r = -115 - -901. Suppose -3*n + r = -0*n. Let v = -177 + n. What is the units digit of v?
5
Suppose 0 = 5*q - 2*k - 59, -8 = 5*k - k. Suppose -2*x + 3 = -q. Suppose x*r - 172 = 395. What is the units digit of r?
1
Suppose 0 = -5*l - 3*i + 1454, 459 = 5*l - 4*i - 1009. Suppose -4*k + l = 88. Let y = k + 107. What is the units digit of y?
8
Suppose 323*s + 162 = 325*s. Let x = s + 49. What is the tens digit of x?
3
Suppose 15 = 5*z + 3*k + 2*k, -3*z - 2*k + 8 = 0. Suppose 0 = z*m + 3*t - 83, -161 = -4*m - 0*m - 5*t. Let j = 74 - m. What is the units digit of j?
0
Let k be (-5)/(-50)*5*6. Suppose 0 = 3*x + 5*g - 689, -k*g + 235 = 3*x - 2*x. What is the tens digit of x?
2
What is the ten thousands digit of (22530 - 99/(-11))*7/3?
5
Let r = 3776 + -2060. Suppose 4*c - r = -0*c. What is the tens digit of c?
2
Let t(u) = u**3 - 4*u**2 - u - 2. Let a be t(4). Let z(g) = -111*g + 122. What is the units digit of z(a)?
8
Let u = -1781 - -1019. Let f = 1155 + u. What is the units digit of f?
3
Let q(w) = -10 + 3*w + 3*w + w**2 + 2. Suppose 0 = -1242*l + 1283*l + 369. What is the tens digit of q(l)?
1
Suppose 4163380 - 16158877 = -454*m + 9426493. What is the tens digit of m?
8
Let d(x) be the second derivative of x**3 - 6*x**2 - 15*x. Let u be d(2). Suppose u*o - 4*o + 188 = 0. What is the tens digit of o?
4
Let v be 1*(40 + -3 + 0). Let j = v - 27. Suppose 3*b - 55 = -j. What is the tens digit of b?
1
Let o(b) = -25*b**2 - 967*b - 34. What is the tens digit of o(-38)?
1
What is the units digit of (-784805)/(-34) - 2*7/(-28)?
3
Let w = 475 + -837. Let a = 134 - w. What is the tens digit of a?
9
Suppose -2*w - 1763 = -5*i + 11, -4*w = -5*i + 3538. Let h = w + 1346. Suppose -z - h = -3*l, 0*l - 2*l = 5*z - 281. What is the tens digit of l?
5
Suppose -69475 = -39*m + 647423. What is the units digit of m?
2
Let t(h) = -2*h**2 + 48*h - 48. Let x be t(23). Let r(w) = 162*w**2 - 2*w. What is the units digit of r(x)?
2
Let c(g) = -g - 1. Let h(y) = -51*y - 144. Let o(b) = -21*c(b) + 3*h(b). What is the hundreds digit of o(-10)?
9
Suppose 5*q - 4*g + 4 - 46 = 0, q + 2*g - 14 = 0. Suppose 0